is the remainder when 35414560 is divided by 65?
25
Calculate the remainder when 198559545 is divided by 2308.
2305
Calculate the remainder when 4604453 is divided by 18.
17
Calculate the remainder when 24274299 is divided by 1045.
1039
What is the remainder when 450240136 is divided by 1479?
1477
Calculate the remainder when 17104514 is divided by 148.
6
What is the remainder when 4399166 is divided by 13879?
13402
What is the remainder when 88504 is divided by 14708?
256
Calculate the remainder when 4367790 is divided by 75.
15
What is the remainder when 153648 is divided by 223?
1
What is the remainder when 2276917 is divided by 5723?
4886
What is the remainder when 242524 is divided by 30315?
4
Calculate the remainder when 1600425 is divided by 26.
21
What is the remainder when 5653582 is divided by 119?
11
What is the remainder when 355173 is divided by 5728?
37
Calculate the remainder when 51122 is divided by 2690.
12
What is the remainder when 3174228 is divided by 1058044?
96
What is the remainder when 3588430 is divided by 282?
262
What is the remainder when 129538 is divided by 1426?
1198
Calculate the remainder when 686243 is divided by 816.
803
Calculate the remainder when 102831450 is divided by 12622.
16
What is the remainder when 78138 is divided by 1261?
1217
What is the remainder when 2133446 is divided by 3958?
84
What is the remainder when 182228 is divided by 13799?
2841
What is the remainder when 5180126 is divided by 63172?
22
Calculate the remainder when 262068 is divided by 703.
552
What is the remainder when 206879 is divided by 103421?
37
What is the remainder when 272494 is divided by 1063?
366
Calculate the remainder when 197972495 is divided by 1752.
1751
Calculate the remainder when 478158396 is divided by 6304.
6300
Calculate the remainder when 8503962 is divided by 8503946.
16
Calculate the remainder when 1119551 is divided by 167.
150
What is the remainder when 236689 is divided by 2006?
1987
What is the remainder when 25430902 is divided by 8?
6
What is the remainder when 87469279 is divided by 119?
114
What is the remainder when 287957 is divided by 6697?
6683
What is the remainder when 39292519 is divided by 13097489?
52
Calculate the remainder when 44161 is divided by 697.
250
Calculate the remainder when 16060 is divided by 15501.
559
What is the remainder when 3200424 is divided by 1921?
38
Calculate the remainder when 107378606 is divided by 352061.
1
Calculate the remainder when 105547352 is divided by 102.
98
What is the remainder when 5495852 is divided by 11819?
17
What is the remainder when 214843 is divided by 8931?
499
What is the remainder when 7432670 is divided by 6413?
3
What is the remainder when 471960 is divided by 8136?
72
What is the remainder when 29054 is divided by 5568?
1214
Calculate the remainder when 29670465 is divided by 92.
5
What is the remainder when 10299604 is divided by 444?
136
What is the remainder when 62065099 is divided by 25?
24
Calculate the remainder when 11977 is divided by 9811.
2166
What is the remainder when 4144 is divided by 414?
4
Calculate the remainder when 150856 is divided by 20980.
3996
Calculate the remainder when 170106 is divided by 8491.
286
Calculate the remainder when 2198677 is divided by 366441.
31
What is the remainder when 91708 is divided by 11?
1
What is the remainder when 7664771 is divided by 99542?
37
Calculate the remainder when 342208214 is divided by 939.
932
Calculate the remainder when 224115579 is divided by 37352596.
3
What is the remainder when 289223 is divided by 19281?
8
What is the remainder when 2138889 is divided by 1069395?
99
Calculate the remainder when 2062547 is divided by 5.
2
Calculate the remainder when 36007 is divided by 17262.
1483
Calculate the remainder when 5681457 is divided by 380.
77
Calculate the remainder when 6980123 is divided by 2375.
2373
What is the remainder when 111703 is divided by 3485?
183
What is the remainder when 7832563 is divided by 2150?
113
Calculate the remainder when 3959206 is divided by 85.
76
Calculate the remainder when 1263913 is divided by 78978.
265
What is the remainder when 47643894 is divided by 7050?
7044
Calculate the remainder when 11063279 is divided by 3619.
3615
What is the remainder when 4306405 is divided by 430638?
25
Calculate the remainder when 34890 is divided by 30139.
4751
What is the remainder when 68933 is divided by 3135?
3098
What is the remainder when 26919225 is divided by 26?
21
Calculate the remainder when 113154 is divided by 37659.
177
What is the remainder when 867594577 is divided by 3231?
3226
What is the remainder when 7372949 is divided by 560?
549
What is the remainder when 1827501 is divided by 31?
20
Calculate the remainder when 19727 is divided by 886.
235
Calculate the remainder when 20102849 is divided by 4356.
4265
What is the remainder when 31411291 is divided by 13?
2
Calculate the remainder when 80801 is divided by 1553.
45
What is the remainder when 2312469 is divided by 154?
5
What is the remainder when 36377579 is divided by 151?
18
What is the remainder when 1860696 is divided by 61?
13
Calculate the remainder when 4609370 is divided by 13.
12
Calculate the remainder when 2727097 is divided by 6670.
5737
What is the remainder when 60969950 is divided by 247?
223
Calculate the remainder when 137702 is divided by 1700.
2
What is the remainder when 2380723 is divided by 253?
246
What is the remainder when 10499944 is divided by 6?
4
Calculate the remainder when 3597454 is divided by 247.
146
What is the remainder when 260645 is divided by 5807?
5137
What is the remainder when 247503 is divided by 772?
463
What is the remainder when 5962346 is divided by 458640?
26
What is the remainder when 14187405 is divided by 1113?
1107
What is the remainder when 198709 is divided by 621?
610
Calculate the remainder when 916904 is divided by 4412.
3620
What is the remainder when 14456859 is divided by 1554?
1551
Calculate the remainder when 120849 is divided by 12077.
79
What is the remainder when 50197 is divided by 2320?
1477
Calculate the remainder when 59877582 is divided by 155.
152
What is the remainder when 123839 is divided by 20343?
1781
Calculate the remainder when 18632635 is divided by 156.
151
What is the remainder when 70350964 is divided by 8?
4
Calculate the remainder when 166085 is divided by 93.
80
Calculate the remainder when 141368331 is divided by 23561387.
9
Calculate the remainder when 16581381 is divided by 6601.
6270
Calculate the remainder when 2035771 is divided by 72.
43
Calculate the remainder when 17703629 is divided by 1530.
1529
Calculate the remainder when 765132 is divided by 15295.
382
What is the remainder when 39288 is divided by 3121?
1836
Calculate the remainder when 25438134 is divided by 25.
9
Calculate the remainder when 117087 is divided by 7311.
111
What is the remainder when 215167 is divided by 321?
97
What is the remainder when 119374 is divided by 42?
10
What is the remainder when 6997681 is divided by 9870?
9721
What is the remainder when 283386 is divided by 418?
400
What is the remainder when 106195 is divided by 1100?
595
Calculate the remainder when 460035168 is divided by 3172.
8
Calculate the remainder when 30876942 is divided by 1158.
30
What is the remainder when 66895 is divided by 54?
43
What is the remainder when 76559497 is divided by 14675?
22
Calculate the remainder when 724094 is divided by 896.
126
What is the remainder when 716213 is divided by 358091?
31
What is the remainder when 376982893 is divided by 1918?
1911
What is the remainder when 12256603 is divided by 199?
193
Calculate the remainder when 3118690 is divided by 1622.
1206
Calculate the remainder when 7500970 is divided by 459.
451
Calculate the remainder when 111694817 is divided by 13961851.
9
What is the remainder when 2774759 is divided by 15588?
95
Calculate the remainder when 2467812 is divided by 902.
842
Calculate the remainder when 156546 is divided by 413.
19
What is the remainder when 12966962 is divided by 1417?
1412
What is the remainder when 1440659 is divided by 156?
155
Calculate the remainder when 4512480 is divided by 26.
24
Calculate the remainder when 1205378 is divided by 32571.
251
What is the remai